ase 15, what is 8d299 + 2?
8d29b
In base 11, what is -19162 - -3?
-1915a
In base 3, what is 121111 + 2102?
200220
In base 10, what is -116634 - 4?
-116638
In base 3, what is 211 - -111211121?
111212102
In base 7, what is 235 - 355612?
-355344
In base 5, what is -1003 - 4401?
-10404
In base 13, what is -3 - 1521a?
-15220
In base 9, what is -165420 + 5?
-165414
In base 8, what is -15 + 4203?
4166
In base 9, what is 733304 + -2?
733302
In base 7, what is -242 + -3443?
-4015
In base 16, what is -157 + 76?
-e1
In base 5, what is -111 + -1412?
-2023
In base 3, what is -1 + -22211202?
-22211210
In base 16, what is -12c - 6?
-132
In base 5, what is 21331 - -412?
22243
In base 5, what is -34124344 + -10?
-34124404
In base 8, what is -5 - -661604?
661577
In base 10, what is 27 + -4061?
-4034
In base 2, what is -110011 - 111111011010?
-1000000001101
In base 5, what is -4400 + 1112?
-3233
In base 14, what is 228c + 2c9?
2577
In base 3, what is 100220 - 12102?
11111
In base 14, what is -51916 - 2?
-51918
In base 10, what is -321 - 310?
-631
In base 2, what is 1001010 - 1001011?
-1
In base 13, what is -123 - 1581?
-16a4
In base 8, what is 1075113 - 4?
1075107
In base 6, what is 31210 - 3452?
23314
In base 5, what is 1022 + -101013?
-44441
In base 4, what is 10 - -131133?
131203
In base 8, what is -1335654 - 2?
-1335656
In base 5, what is -3 + 113022143?
113022140
In base 14, what is 302 - -4a?
34c
In base 13, what is -15247 - 52?
-15299
In base 16, what is -e + -8b?
-99
In base 7, what is -1015151 - 5?
-1015156
In base 9, what is -225 - 2468?
-2704
In base 9, what is 5 + 221104?
221110
In base 12, what is 42154 - -1?
42155
In base 15, what is 267 + 7?
26e
In base 10, what is 3895 - 173?
3722
In base 15, what is d - -2104?
2112
In base 8, what is 36 - 5661?
-5623
In base 4, what is -22 - -21010110?
21010022
In base 3, what is -210021211211 + 10?
-210021211201
In base 6, what is 451023 - 3?
451020
In base 14, what is -3 - -1d597?
1d594
In base 12, what is 8 - 232a9?
-232a1
In base 7, what is 3 + 2265?
2301
In base 12, what is -26a1 - -27?
-2676
In base 2, what is 11010001 + 110010?
100000011
In base 14, what is -1516 - -143?
-13b3
In base 14, what is 1d0c22 - -1?
1d0c23
In base 4, what is -1032 - 33?
-1131
In base 9, what is 30 - -4346?
4376
In base 10, what is 1345 - 4?
1341
In base 11, what is 56 - -864?
90a
In base 6, what is 55514 + -1013?
54501
In base 2, what is -110 + -1011010001010011?
-1011010001011001
In base 5, what is 40123 - 122?
40001
In base 6, what is 45243 - -3?
45250
In base 14, what is ba2 + -4d?
b53
In base 16, what is -20f26e + -3?
-20f271
In base 9, what is 12554327 + 5?
12554333
In base 12, what is 7376 - 1?
7375
In base 11, what is -14 - -54?
40
In base 6, what is -2132 - -130?
-2002
In base 11, what is -399 + -56?
-444
In base 2, what is 1110001101010111101 - -1?
1110001101010111110
In base 3, what is -110120101 + -1?
-110120102
In base 9, what is -476665 - 2?
-476667
In base 9, what is -2337000 - 1?
-2337001
In base 9, what is -2 + -1457834?
-1457836
In base 7, what is -256250 + -5?
-256255
In base 15, what is 5d5e + -17a?
5bd4
In base 10, what is -52299 - -1?
-52298
In base 12, what is -5 - -44266b?
442666
In base 15, what is -b2 + -2c?
-de
In base 13, what is 1b - -1ac?
1ca
In base 6, what is 1020525 - 10?
1020515
In base 12, what is -19 + -4a8?
-505
In base 2, what is -1 + -11010001111101000?
-11010001111101001
In base 15, what is a + 4be?
4c9
In base 10, what is -2 + -145323?
-145325
In base 2, what is -100001001100101 - 10010?
-100001001110111
In base 4, what is 31011030 + -3?
31011021
In base 14, what is -7a9c24 - 5?
-7a9c29
In base 4, what is 1303 + -13212?
-11303
In base 8, what is -11245 + 73?
-11152
In base 12, what is 0 + 71418?
71418
In base 11, what is -19789 - -77?
-19712
In base 7, what is 6115 - 6?
6106
In base 11, what is -839616 - -5?
-839611
In base 8, what is -25 + 1401?
1354
In base 8, what is -6307 - -25?
-6262
In base 8, what is -61 - 621?
-702
In base 9, what is 3007 + 1602?
4610
In base 11, what is -1 + -551186?
-551187
In base 14, what is -9 - -3?
-6
In base 12, what is -35 + 4232?
41b9
In base 7, what is 3 - 40434?
-40431
In base 13, what is 7c0 + 6?
7c6
In base 15, what is 9e + -23?
7b
In base 6, what is 240 + 3252?
3532
In base 12, what is -198a7 + 1?
-198a6
In base 11, what is -1666 + 303?
-1363
In base 7, what is -34600 - 1?
-34601
In base 8, what is 2052 + 1131?
3203
In base 3, what is -110 + -1010100?
-1010210
In base 15, what is -2 + e405c?
e405a
In base 7, what is 20004660 - -4?
20004664
In base 5, what is -21040142 - -1?
-21040141
In base 10, what is -6 + 9977?
9971
In base 16, what is -5f + -64?
-c3
In base 13, what is 21a - 22c?
-12
In base 12, what is -425578 - 1?
-425579
In base 12, what is -3 + -8936?
-8939
In base 13, what is -1 - -14ca8?
14ca7
In base 16, what is 20e9 - -2?
20eb
In base 15, what is 429 + -6b?
3ad
In base 7, what is -600 + 10645?
10045
In base 6, what is -115 - 4442?
-5001
In base 9, what is -88 + 181?
82
In base 3, what is -2000 - -10020001?
10011001
In base 6, what is 434 + 1422?
2300
In base 15, what is -52a9 - 120?
-53c9
In base 11, what is 1273 + -6?
1268
In base 4, what is -1122331 + -2223?
-1131220
In base 15, what is -9e7 + 64?
-983
In base 7, what is 143512 - -33?
143545
In base 12, what is -2 + 66427b?
664279
In base 5, what is -212 + -132414?
-133131
In base 4, what is -1020 - -23121?
22101
In base 9, what is -45 - -314?
258
In base 10, what is 4071 - -17?
4088
In base 15, what is 9 - 68be?
-68b5
In base 10, what is 3606 + 146?
3752
In base 5, what is -42 - -1040213?
1040121
In base 6, what is 122211 + 0?
122211
In base 6, what is -131 + -24002?
-24133
In base 2, what is -111010110111 - -1000?
-111010101111
In base 11, what is 816 - 28?
799
In base 9, what is 13 - -520?
533
In base 8, what is -306 - 24?
-332
In base 2, what is 1001001100000 - 110?
1001001011010
In base 2, what is 11010 + -1111011000011?
-1111010101001
In base 4, what is -2011 + 303313?
301302
In base 7, what is -153 - -314?
131
In base 15, what is bd - 7090?
-6ec2
In base 5, what is 0 + 1010133?
1010133
In base 11, what is 1 - 296211?
-296210
In base 5, what is -1112302 + -4?
-1112311
In base 2, what is 110100111 - 1010010?
101010101
In base 3, what is -1112101110 - -220?
-1112100120
In base 12, what is 40 + 125?
165
In base 9, what is -465 + 273?
-182
In base 8, what is 1707 + 0?
1707
In base 5, what is -30 - 10034432?
-10040012
In base 11, what is 82 + -503?
-431
In base 5, what is -4 - -342204?
342200
In base 9, what is -78110 + -25?
-78135
In base 7, what is 1235215 + -10?
1235205
In base 15, what is 2e - -20e?
23d
In base 2, what is 1011000100010000011 - 1?
1011000100010000010
In base 11, what is 22 + 16767?
16789
In base 3, what is -1210112 + -210?
-1211022
In base 9, what is 2 + -24343?
-24341
In base 11, what is 42362 + 18?
4237a
In base 16, what is -14c6a + -1?
-14c6b
In base 7, what is 2 - -232402?
232404
In base 7, what is -2 + -52216?
-52221
In base 8, what is -5 + 12346?
12341
In base 13, what is -10509 - 3b?
-10547
In base 2, what is 10111000000111 + 11?
10111000001010
In base 9, what is -11186083 + -1?
-11186084
In base 13, what is 262 - -207?
469
In base 6, what is -1014 - 1052?
-2110
In base 5, what is 413 - -11101?
12014
In base 4, what is 1120031 - -1220?
1121311
In base 4, what is 201210 - 103?
201101
In base 9, what is -1 + 53835?
53834
In base 5, what is 244013 + -3212?
240301
In base 8, what is -14237 - -3?
-14234
In base 13, what is -4707 - -10?
-46c7
In base 15, what is ad + b3a?
be8
In base 15, what is -27 - 161c?
-1644
In base 8, what is 1 - -2013?
2014
In base 16, what is 5 - 2ac?
-2a7
In base 7, what is 1 - 12422?
-12421
In base 3, what is 2011121021 - 11?
2011121010
In base 6, what is 4 + -3140250?
-3140242
In base 8, what is -14 - 5306?
-5322
In base 10, what is 5849 - 1?
5848
In base 8, what is 23 - -2650?
2673
In base 10, what is -177218 - 4?
-177222
In base 8, what is -4 + -607333?
-607337
In base 2, what is -11001101000100 - 101?
-11001101001001
In base 13, what is -1525 + 19?
-1509
In base 3, what is -111121001112 - 0?
-111121001112
In base 10, what is 74963 + -3?
74960
In base 14, what is d - b2b3?
-b2a4
In base 13, what is -3c + 115b?
111c
In base 16, what